ase 9) in base 4?
13132
Convert 11100000001 (base 2) to base 13.
a7c
What is -c61 (base 15) in base 4?
-223213
What is -132301 (base 4) in base 5?
-30334
Convert -20003 (base 6) to base 10.
-2595
-102 (base 6) to base 10
-38
69 (base 15) to base 5
344
Convert 890 (base 10) to base 12.
622
What is -1677 (base 13) in base 12?
-1ab9
-100110100 (base 2) to base 8
-464
What is 11001101110100 (base 2) in base 12?
7758
Convert 200011 (base 4) to base 10.
2053
Convert 13231012 (base 4) to base 14.
b702
What is a60 (base 16) in base 11?
1aa5
-101140 (base 6) to base 9
-12036
Convert -11001100 (base 2) to base 14.
-108
Convert -131023 (base 5) to base 7.
-20660
What is 5122 (base 10) in base 3?
21000201
Convert -40322 (base 6) to base 16.
-14ba
-9c29 (base 13) to base 4
-11111030
What is 56364 (base 10) in base 2?
1101110000101100
What is -10111110010010 (base 2) in base 7?
-50335
What is 665 (base 9) in base 3?
202012
Convert -1122023 (base 5) to base 14.
-7555
282 (base 10) to base 11
237
What is -49c (base 15) in base 9?
-1383
-1101000201 (base 3) to base 16
-6970
What is -10011101001001 (base 2) in base 13?
-4768
-2102 (base 5) to base 13
-184
Convert 1b47 (base 12) to base 4.
310213
-22200 (base 6) to base 16
-c18
What is -73 (base 9) in base 13?
-51
Convert -5343 (base 7) to base 2.
-11101100101
What is -2020 (base 5) in base 2?
-100000100
Convert -15685 (base 9) to base 10.
-10769
What is 15564 (base 10) in base 12?
9010
Convert 32293 (base 10) to base 2.
111111000100101
a91 (base 14) to base 4
200213
Convert -100111001000101 (base 2) to base 13.
-9174
What is -15535 (base 10) in base 4?
-3302233
665 (base 8) to base 11
368
Convert 1ea (base 16) to base 12.
34a
11100011010010 (base 2) to base 8
34322
-612 (base 16) to base 2
-11000010010
Convert 266 (base 8) to base 16.
b6
What is 15230 (base 11) in base 13?
9a84
-58bb (base 13) to base 2
-11000011001011
What is -a3 (base 14) in base 4?
-2033
Convert 24241 (base 5) to base 13.
aa1
3389 (base 11) to base 16
1165
Convert 321 (base 9) to base 14.
14a
Convert 54a6 (base 12) to base 5.
244332
Convert a4c (base 13) to base 5.
24004
Convert -19bc (base 15) to base 12.
-3289
What is 4e3 (base 16) in base 4?
103203
-1552 (base 14) to base 5
-110141
7436 (base 8) to base 6
25530
-184 (base 14) to base 4
-10320
-13311 (base 5) to base 3
-1111001
2020112101 (base 3) to base 10
44128
Convert 23230 (base 4) to base 7.
2116
cc3 (base 14) to base 13
11c1
Convert -4492 (base 14) to base 6.
-131012
5321 (base 8) to base 16
ad1
221202 (base 3) to base 13
416
64516 (base 8) to base 7
141411
Convert -14362 (base 12) to base 14.
-a390
What is 3047 (base 8) in base 7?
4410
What is 424 (base 7) in base 10?
214
-1ade (base 16) to base 11
-5193
Convert -cb8 (base 14) to base 4.
-213102
Convert -1138 (base 10) to base 8.
-2162
Convert 5d2 (base 15) to base 12.
922
What is -112 (base 15) in base 3?
-22222
What is 95 (base 10) in base 5?
340
What is 5a (base 16) in base 8?
132
Convert c598 (base 15) to base 8.
121450
-14d (base 16) to base 9
-410
Convert 1d22 (base 15) to base 2.
1100010111100
What is -2011 (base 12) in base 3?
-11202111
What is -100011000 (base 2) in base 6?
-1144
What is 27f (base 16) in base 13?
3a2
What is ba34 (base 12) in base 2?
101000000001000
24010 (base 11) to base 7
202632
What is -158 (base 16) in base 15?
-17e
Convert d347 (base 14) to base 6.
440055
What is 2505 (base 8) in base 14?
6c5
What is -103cb (base 14) in base 6?
-501223
Convert 20444 (base 5) to base 10.
1374
What is -40340 (base 5) in base 8?
-5043
What is -7951 (base 10) in base 11?
-5a79
235 (base 9) to base 5
1234
Convert -36611 (base 8) to base 4.
-3312021
-12597 (base 11) to base 14
-67ca
447c (base 13) to base 4
2111133
1520 (base 7) to base 16
25a
-343415 (base 6) to base 8
-71203
375 (base 9) to base 8
467
What is -3180 (base 13) in base 6?
-51440
What is a15c (base 13) in base 5?
1202331
What is -2133 (base 6) in base 3?
-200010
-1423 (base 8) to base 3
-1002011
What is -38d (base 16) in base 4?
-32031
Convert -33330 (base 4) to base 5.
-13040
1101001101100 (base 2) to base 12
3ab8
What is 35010 (base 6) in base 3?
20211020
-38c (base 15) to base 13
-4a1
-1a416 (base 11) to base 3
-1110000210
What is -510 (base 10) in base 3?
-200220
Convert -112001 (base 3) to base 7.
-1051
221 (base 3) to base 10
25
Convert 15205 (base 6) to base 3.
10100212
Convert -334044 (base 6) to base 9.
-42501
-23247 (base 12) to base 5
-3000444
-38 (base 10) to base 4
-212
Convert 20160 (base 7) to base 12.
29b9
What is -1911 (base 11) in base 7?
-10043
Convert -4408 (base 9) to base 2.
-110010110000
-3523 (base 7) to base 10
-1291
What is -880 (base 11) in base 14?
-556
Convert -7e3 (base 16) to base 7.
-5613
34045 (base 10) to base 14
c59b
-cd (base 14) to base 13
-10c
-4706 (base 11) to base 10
-6177
Convert 33002 (base 4) to base 12.
682
Convert -1527 (base 11) to base 15.
-8b0
Convert 230030 (base 4) to base 5.
42303
What is -1000001011010010 (base 2) in base 15?
-9dca
What is 33b2 (base 12) in base 6?
42342
What is -5148 (base 9) in base 12?
-2222
35b (base 12) to base 15
238
What is 4159 (base 11) in base 12?
3231
What is -175d (base 15) in base 6?
-35154
7e3 (base 16) to base 15
8e9
What is 214253 (base 6) in base 13?
8157
-4ba (base 15) to base 11
-898
-520b (base 13) to base 12
-6686
Convert -2002 (base 4) to base 12.
-aa
-2030023 (base 4) to base 10
-8971
-140243 (base 7) to base 12
-13438
-22542 (base 6) to base 7
-12263
3223 (base 5) to base 9
536
Convert -25243 (base 7) to base 3.
-100010011
What is 41051 (base 10) in base 15?
c26b
-51b (base 15) to base 9
-1518
5550 (base 6) to base 11
a73
Convert 15a3 (base 11) to base 9.
2726
Convert -141500 (base 6) to base 3.
-200022200
Convert 103033 (base 6) to base 9.
12523
What is 10012000 (base 4) in base 15?
4e7d
What is -b30 (base 15) in base 14?
-cc0
Convert -1211202 (base 3) to base 9.
-1752
What is -11100101 (base 2) in base 9?
-274
Convert -11000101111 (base 2) to base 4.
-120233
What is 22021213 (base 4) in base 8?
121147
What is dc0 (base 16) in base 10?
3520
Convert -206 (base 8) to base 16.
-86
What is 16609 (base 11) in base 7?
125053
What is -601 (base 10) in base 7?
-1516
What is 10232 (base 5) in base 3?
221122
What is 635 (base 9) in base 4?
20012
What is 1031332 (base 5) in base 13?
80ab
Convert 12454 (base 8) to base 14.
1d92
What is 47040 (base 9) in base 15?
9473
Convert d87 (base 14) to base 8.
5153
What is -1212221 (base 4) in base 12?
-3975
What is -2122112011 (base 3) in base 15?
-106b1
-1220332 (base 4) to base 6
-51034
Convert -35101 (base 6) to base 10.
-5005
310 (base 13) to base 8
1010
What is -5540 (base 8) in base 4?
-231200
What is -101130 (base 5) in base 15?
-e95
Convert 1432 (base 9) to base 15.
4c2
104131 (base 5) to base 9
5023
Convert 21303310 (base 4) to base 5.
2241210
Convert 1201002 (base 3) to base 8.
2334
Convert 8766 (base 13) to base 15.
58b3
c60 (base 13) to base 5
31411
What is -220354 (base 6) in base 12?
-a6ba
101101 (base 2) to base 15
30
-28859 (base 11) to base 7
-230265
Convert 1101102121 (base 3) to base 8.
65226
2246 (base 9) to base 12
b66
Convert 765 (base 9) to base 3.
212012
What is 781 (base 12) in base 13?
670
What is 369 (base 13) in base 12?
416
What is 1357 (base 10) in base 13?
805
Convert -2487 (base 9) to base 5.
-24421
Convert 3281 (base 9) to base 6.
15114
Convert 396 (base 11) to base 9.
570
What is -23a (base 12) in base 9?
-411
What is -20303 (base 6) in base 12?
-1693
Convert 1130123 (base 4) to base 13.
2900
Convert 2143 (base 16) to base 13.
3b50
Convert -10000010010101 (base 2) to base 5.
-231331
What is -10020 (base 4) in base 2?
-100001000
1561 (base 9) to base 7
3316
-3310 (base 7) to base 4
-102133
132 (base 11) to base 7
312
What is -12012 (base 3) in base 12?
-b8
20b (base 15) to base 13
296
Convert -326 (base 11) to base 13.
-241
What is -2531 (base 12) in base 5?
-113323
Convert 15645 (base 7) to base 6.
32323
-14834 (base 13) to base 6
-455212
3a223 (base 12) to base 4
103132323
What is -4513 (base 10) in base 5?
-121023
Convert 11013011 (base 4) to base 8.
50705
-112100 (base 3) to base 6
-1443
Convert -296 (base 14) to base 13.
-314
2041 (base 6) to base 15
207
Convert 8024 (base 12) to base 8.
33034
